{"id":41,"date":"2025-12-26T14:02:29","date_gmt":"2025-12-26T14:02:29","guid":{"rendered":"https:\/\/www.bembelbyte-entertainment.de\/website\/?page_id=41"},"modified":"2026-03-31T19:38:18","modified_gmt":"2026-03-31T19:38:18","slug":"impressum","status":"publish","type":"page","link":"https:\/\/www.bembelbyte-entertainment.de\/website\/impressum\/","title":{"rendered":"Impressum"},"content":{"rendered":"\n<p><\/p>\n\n\n\n<p>Dennis Maryska<br>BembelByte Entertainment<br>c\/o SourceArt<br>Tuttlingerstra\u00dfe 45<br>78333 Stockach<br>Deutschland<br><br>Kontakt<br>E-Mail: contact@bembelbyte-entertainment.de<br><br>Aufsichtsbeh\u00f6rde<br>Gewerbeamt Frankfurt am Main<br>Kleyerstra\u00dfe 86<br>60326 Frankfurt am Main<br>http:\/\/www.frankfurt.de<br><br>Umsatzsteuer<br>Kein Ausweis der Umsatzsteuer gem\u00e4\u00df \u00a7 19 UStG.<br><br>Berufsbezeichnung und berufsrechtliche Regelungen:<br>Content Creator \/ Streamer<br><br>Verliehen in:<br>Deutschland<br><br>Redaktionell verantwortlich<br>Dennis Maryska<br>c\/o SourceArt<br>Tuttlingerstra\u00dfe 45<br>78333 Stockach<br>Deutschland<br><br>Verbraucherstreitbeilegung\/Universalschlichtungsstelle<br>Wir sind nicht bereit oder verpflichtet, an Streitbeilegungsverfahren vor einer<br>Verbraucherschlichtungsstelle teilzunehmen.<\/p>\n","protected":false},"excerpt":{"rendered":"<p>Dennis MaryskaBembelByte Entertainmentc\/o SourceArtTuttlingerstra\u00dfe 4578333 StockachDeutschland KontaktE-Mail: contact@bembelbyte-entertainment.de Aufsichtsbeh\u00f6rdeGewerbeamt Frankfurt am MainKleyerstra\u00dfe 8660326 Frankfurt am Mainhttp:\/\/www.frankfurt.de UmsatzsteuerKein Ausweis der Umsatzsteuer gem\u00e4\u00df \u00a7 19 UStG. Berufsbezeichnung und berufsrechtliche Regelungen:Content Creator \/ Streamer Verliehen in:Deutschland Redaktionell verantwortlichDennis Maryskac\/o SourceArtTuttlingerstra\u00dfe 4578333 StockachDeutschland Verbraucherstreitbeilegung\/UniversalschlichtungsstelleWir sind nicht bereit oder verpflichtet, an Streitbeilegungsverfahren vor einerVerbraucherschlichtungsstelle teilzunehmen.<\/p>\n","protected":false},"author":1,"featured_media":0,"parent":0,"menu_order":0,"comment_status":"closed","ping_status":"closed","template":"","meta":{"footnotes":""},"class_list":["post-41","page","type-page","status-publish","hentry"],"_links":{"self":[{"href":"https:\/\/www.bembelbyte-entertainment.de\/website\/wp-json\/wp\/v2\/pages\/41","targetHints":{"allow":["GET"]}}],"collection":[{"href":"https:\/\/www.bembelbyte-entertainment.de\/website\/wp-json\/wp\/v2\/pages"}],"about":[{"href":"https:\/\/www.bembelbyte-entertainment.de\/website\/wp-json\/wp\/v2\/types\/page"}],"author":[{"embeddable":true,"href":"https:\/\/www.bembelbyte-entertainment.de\/website\/wp-json\/wp\/v2\/users\/1"}],"replies":[{"embeddable":true,"href":"https:\/\/www.bembelbyte-entertainment.de\/website\/wp-json\/wp\/v2\/comments?post=41"}],"version-history":[{"count":8,"href":"https:\/\/www.bembelbyte-entertainment.de\/website\/wp-json\/wp\/v2\/pages\/41\/revisions"}],"predecessor-version":[{"id":87,"href":"https:\/\/www.bembelbyte-entertainment.de\/website\/wp-json\/wp\/v2\/pages\/41\/revisions\/87"}],"wp:attachment":[{"href":"https:\/\/www.bembelbyte-entertainment.de\/website\/wp-json\/wp\/v2\/media?parent=41"}],"curies":[{"name":"wp","href":"https:\/\/api.w.org\/{rel}","templated":true}]}}